2*u**2 + 3*u + 2. Let i be k(-1). Let a be t(i). Calculate the greatest common divisor of a and 32.
32
Let a be 46*1*(1725/10)/23. What is the highest common factor of 46 and a?
23
Let v be (-1*5)/(((-28)/(-7))/(-4)). Calculate the greatest common factor of 45 and v.
5
Let w = -201 + 241. What is the highest common factor of 360 and w?
40
Suppose 3*b + 8 = -1. Let y be b*(456/(-90) - (-4)/10). What is the highest common factor of 14 and y?
14
Let v(q) = -6*q - 57. Let d be v(-9). Let k be 23 - (d/(-3) + -4). Let n(s) = -66*s - 2. Let u be n(-2). Calculate the greatest common divisor of u and k.
26
Suppose 65*m = 14*m + 408. Let r be (-1)/(((-6)/8)/3). Calculate the highest common divisor of m and r.
4
Let f(r) = -r + 15. Suppose c - 118 = -126. Let h be f(c). What is the greatest common divisor of 92 and h?
23
Let m = -103 - -111. What is the greatest common divisor of 16 and m?
8
Let u(h) = -14*h**3 + 2*h. Let i be u(-2). Calculate the greatest common factor of 27 and i.
27
Let b = -116 - -191. Let c be -1*13*(2 + -1). Let u = c - -38. Calculate the highest common divisor of u and b.
25
Let v be (-11)/(-1) - (20/5 + -2). What is the greatest common factor of 99 and v?
9
Suppose 3*w - 10 = 17. Suppose -w*x + 108 = -0*x. Calculate the highest common divisor of x and 96.
12
Suppose 0 = 6*y - y + 50. Let b be 0 + 1 - 2*y/2. Let h be 1/(-1 + 2) + 43. What is the highest common factor of h and b?
11
Suppose 0 = 5042*r - 5054*r + 9384. What is the greatest common divisor of r and 46?
46
Let x(p) = p**2 + 14*p - 14. Suppose 7*r + 46 + 66 = 0. Let a be x(r). Calculate the highest common factor of 72 and a.
18
Suppose 685 = 9*m - 395. Suppose 5*v + 3*p - m = 0, 5*v = 4*p + 59 + 26. Calculate the highest common divisor of 6 and v.
3
Suppose -10*f + 6*f + 919 = -3*y, -5*y = -3*f + 681. What is the highest common factor of f and 174?
58
Let l(s) = -s**2 + 10*s - 11. Let j be l(9). Let x be ((-44)/8 - -2)*j. What is the highest common divisor of 1 and x?
1
Let z(s) = -2*s + 54. Let c be z(18). What is the highest common factor of c and 90?
18
Let f be 0/2*(-1)/3. Suppose -3*g + g + 22 = f. Suppose -3*h = -22 - g. What is the highest common divisor of h and 55?
11
Let a(t) = t**3 + 20*t**2 - 129*t + 16. Let j be a(-25). What is the highest common factor of 8 and j?
4
Suppose -4*c = 2*l - 5 - 59, 3*c + l - 46 = 0. Let k = 3 + c. Let g = k - 15. What is the highest common factor of 2 and g?
2
Let h be (-1560)/195*(123/(-4) + 1). Calculate the highest common divisor of 833 and h.
119
Suppose -11*t + 6*t = 770. Let n = -109 - t. What is the highest common factor of n and 18?
9
Let w be ((-2)/(-2))/(23/391). Let d = w - 12. What is the greatest common factor of d and 40?
5
Let n be (110/3)/((12/18)/1). What is the greatest common factor of 605 and n?
55
Suppose -2*r = 4*q - 18, 3*r - r - 9 = -q. Suppose 136 = -2*l - 2*l. Let d = 55 + l. What is the highest common factor of d and r?
3
Let w be 1659/4*(-360)/(-135) + 4. What is the highest common divisor of w and 90?
30
Suppose -916*r = -910*r - 25830. What is the highest common factor of r and 105?
105
Suppose 5*x - w = 9, 0 = -x + w - 4*w + 5. Suppose 0*u - 40 = -3*u - 2*i, x*i = -8. Suppose m = 26*m - 1000. Calculate the highest common divisor of u and m.
8
Suppose 0 = k - 89 + 55. What is the highest common factor of k and 850?
34
Let c = 30 - 20. Let p be c/(-20) - 151/2. Let a be p/(-2)*36/24. What is the highest common factor of 19 and a?
19
Let k(s) = 2*s**2 - s - 8. Suppose -i - 3*i = -20, -5*v - 4*i = 10. Let h be k(v). Suppose -28 = 3*p - 5*p. What is the greatest common divisor of h and p?
14
Suppose -60*h - 2988 = -62*h. Calculate the highest common divisor of h and 36.
18
Let f(p) = p**3 - 13*p**2 - 59*p - 40. Let y be f(19). Calculate the greatest common factor of 5 and y.
5
Let a be (-7)/(0 - (-2)/(-4)). Let q = a - 14. Suppose x - 25 - 56 = q. What is the greatest common factor of x and 54?
27
Suppose 7*r - 298 = 129. Calculate the highest common divisor of r and 1769.
61
Suppose -28*z + 22 = -26*z. Let w(i) = i**2 + 3*i + 7. Let m be w(-10). What is the greatest common divisor of m and z?
11
Suppose -5*x - 5*c = 0, 3*x - 5*x - 4*c = 8. Suppose -107 - 1 = -9*f. Calculate the greatest common factor of x and f.
4
Let r be 1/(-2)*-33*6. Suppose -9*i + 515 = 218. What is the greatest common factor of i and r?
33
Let q be 5 + -5 + 3 + 45. What is the greatest common divisor of 272 and q?
16
Let w be ((-33)/(-44))/(3/8). Let j(f) = 9*f + 7. Let r be j(w). Calculate the greatest common factor of r and 5.
5
Let x(b) = -b**2 - 7*b + 3. Let v be x(-6). What is the greatest common divisor of v and 117?
9
Let n(c) = 5*c - 41. Let v be n(10). Suppose 5*q = -5*w + 10, -4*w + v*w + 8 = 4*q. Calculate the greatest common divisor of 10 and q.
2
Let o = 144 + -67. Let d = 131 - 109. Calculate the greatest common factor of o and d.
11
Suppose -8*i + 78 = -146. Suppose -37*y = -i*y - 3168. What is the highest common factor of 44 and y?
44
Let i = 162 - 129. Suppose -5 = 5*g, 0*g - 5*g + 39 = 2*d. What is the highest common factor of d and i?
11
Suppose 5*z = 2*z - 30. Let m be 1/(-5) - 162/z. Suppose -4*c - 4*s + 12 + 16 = 0, 4*s + 8 = 5*c. What is the greatest common factor of m and c?
4
Suppose -654 + 76 = -4*p + 2*s, 280 = 2*p + 2*s. What is the highest common factor of p and 33?
11
Let c be 45 + (-56)/(-8) - 0/(-2). Calculate the greatest common factor of 208 and c.
52
Let j be ((-32)/(-6))/(6/9). Suppose -j*i = -4*i - 1776. Let y be 1/3 + i/18. What is the highest common divisor of y and 150?
25
Let d = 14 + -10. Let q be (324/(-45))/(d/(-10)). Let v be -2 - (-48 - 1/(-1)). What is the highest common divisor of q and v?
9
Let l(b) = 27*b + 226. Let f be l(-8). Calculate the greatest common divisor of f and 1510.
10
Let t = 108 + -105. Calculate the greatest common factor of t and 321.
3
Let r(c) = c. Let j be r(-1). Suppose -5*p + 24 = 3*h, -3 - 21 = -3*h + 3*p. Let z = j + h. Calculate the greatest common divisor of z and 35.
7
Let d = -193 + 284. What is the greatest common factor of d and 42?
7
Suppose 5*q - 4*c = -87, -q - 4*c = 2 + 1. Let w = 26 + q. Let o = w + -10. What is the greatest common factor of o and 2?
1
Let q = 33 + -30. Let v(a) = -3*a - 11. Let m(f) = f + 3. Let u(s) = 9*m(s) + 2*v(s). Let p be u(q). What is the greatest common factor of p and 154?
14
Suppose 0 = -5*r - 19*r + 2304. What is the greatest common factor of 3 and r?
3
Let c = 59 - 34. Let o be (c + -4)*(-31)/3. Let w be o/(-21) - (-2)/(-6). Calculate the greatest common divisor of 60 and w.
10
Suppose 5*p = 4*h + 17, -h - 4*p = h - 24. Suppose -3*n + 11 = 2*z - 8, -3*z - 2*n = -26. Suppose 5*x - x = z. Calculate the greatest common divisor of h and x.
2
Suppose -1 + 5 = -k + 2*f, -8 = -2*f. Suppose k*r - 1268 = -436. Calculate the highest common factor of r and 26.
26
Suppose 31*a - 1365 = -156. Calculate the greatest common divisor of 13 and a.
13
Let v = -522 - -529. What is the greatest common factor of 2 and v?
1
Suppose 57*m = 55*m + 70. Let x = 2 + 1. Suppose -x*j + 10 + 32 = 0. What is the greatest common divisor of m and j?
7
Let o be (-304)/(-114) + 260/6. Calculate the greatest common divisor of 22 and o.
2
Suppose -u + 3*m - m + 4 = 0, -3*m = 0. Suppose 7*d + u = 8*d. What is the greatest common divisor of 4 and d?
4
Let w be -8 + 212 + (-6)/1. What is the highest common divisor of 18 and w?
18
Let g = 78 - 18. Suppose 12 + 21 = 3*i. Let y = 1 + i. Calculate the greatest common factor of y and g.
12
Let r(d) = d + 39. Let c be r(41). What is the highest common divisor of c and 40?
40
Let q = -18 + 48. Let f(d) be the first derivative of d**4/4 + 3*d**3 - 3*d**2/2 - 12*d + 3. Let o be f(-9). Calculate the greatest common factor of o and q.
15
Suppose 13*f - 8*f = 25. Suppose -l + 33 = f*m, -4*m + m + 7 = -l. Calculate the greatest common factor of 4 and l.
4
Suppose 0 = -58*w + 61*w - 9. What is the highest common factor of w and 15?
3
Suppose -896 = -28*a + 532. What is the greatest common divisor of 459 and a?
51
Suppose 3*w = -3*t + 165, t + 295 = 5*w - 4*t. Suppose 4*h - 11 - w = 0. Calculate the highest common divisor of 17 and h.
17
Let h = -294 + 324. Calculate the highest common divisor of h and 660.
30
Supp